72.
2, 17, 1601
What are the prime factors of 11972481?
3, 3990827
List the prime factors of 2444364.
2, 3, 13, 1741
List the prime factors of 10127555.
5, 2025511
List the prime factors of 970663.
509, 1907
List the prime factors of 202702.
2, 43, 2357
List the prime factors of 522323.
522323
What are the prime factors of 371188?
2, 71, 1307
List the prime factors of 2369852.
2, 592463
What are the prime factors of 231275?
5, 11, 29
What are the prime factors of 8096821?
37, 218833
List the prime factors of 198092.
2, 49523
What are the prime factors of 5566936?
2, 695867
What are the prime factors of 2337672?
2, 3, 257, 379
List the prime factors of 23670696.
2, 3, 7, 140897
What are the prime factors of 1186947?
3, 43961
List the prime factors of 1522417.
13, 117109
List the prime factors of 14416630.
2, 5, 19, 23, 3299
List the prime factors of 4560781.
1723, 2647
List the prime factors of 11846842.
2, 7, 19, 44537
List the prime factors of 35468.
2, 8867
List the prime factors of 10921522.
2, 2063, 2647
List the prime factors of 1894240.
2, 5, 11839
List the prime factors of 6056838.
2, 3, 336491
List the prime factors of 4586387.
13, 71, 4969
What are the prime factors of 21981648?
2, 3, 13, 35227
List the prime factors of 18236851.
18236851
What are the prime factors of 16640182?
2, 13, 640007
What are the prime factors of 768219?
3, 163, 1571
List the prime factors of 20963.
20963
What are the prime factors of 3828229?
3828229
What are the prime factors of 1161908?
2, 11, 26407
What are the prime factors of 525702?
2, 3, 41, 2137
List the prime factors of 22476451.
23, 401, 2437
List the prime factors of 862090.
2, 5, 86209
List the prime factors of 396888.
2, 3, 23, 719
What are the prime factors of 8473034?
2, 149, 28433
List the prime factors of 79626.
2, 3, 23, 577
List the prime factors of 2532492.
2, 3, 131, 179
List the prime factors of 147812.
2, 7, 5279
List the prime factors of 85428.
2, 3, 7, 113
What are the prime factors of 1685233?
11, 23, 6661
What are the prime factors of 43629638?
2, 13, 151, 11113
What are the prime factors of 754399?
754399
List the prime factors of 191482.
2, 19, 5039
List the prime factors of 7426314.
2, 3, 7, 17, 3467
What are the prime factors of 455735?
5, 7, 29, 449
What are the prime factors of 413135?
5, 53, 1559
What are the prime factors of 13296004?
2, 53, 59, 1063
List the prime factors of 1238156.
2, 309539
What are the prime factors of 17548837?
19, 379, 2437
List the prime factors of 971672.
2, 13, 9343
List the prime factors of 4979710.
2, 5, 19, 26209
What are the prime factors of 20995951?
457, 45943
List the prime factors of 3034205.
5, 19, 41
What are the prime factors of 2493933?
3, 13, 4919
List the prime factors of 21325220.
2, 5, 7, 19, 8017
What are the prime factors of 5430308?
2, 13, 29, 277
What are the prime factors of 1323397?
23, 163, 353
What are the prime factors of 933516?
2, 3, 25931
List the prime factors of 141000.
2, 3, 5, 47
What are the prime factors of 1347085?
5, 419, 643
List the prime factors of 328881.
3, 7, 15661
What are the prime factors of 781614?
2, 3, 173, 251
List the prime factors of 340648.
2, 7, 11, 79
List the prime factors of 819465.
3, 5, 54631
What are the prime factors of 4141108?
2, 1035277
What are the prime factors of 208963?
208963
What are the prime factors of 2394697?
47, 50951
List the prime factors of 189202.
2, 13, 19, 383
What are the prime factors of 8298849?
3, 13, 212791
List the prime factors of 4708408.
2, 409, 1439
What are the prime factors of 22877125?
5, 397, 461
List the prime factors of 1882298.
2, 11, 67, 1277
What are the prime factors of 5258345?
5, 19, 55351
List the prime factors of 252834.
2, 3, 42139
List the prime factors of 296902.
2, 29, 5119
What are the prime factors of 931424?
2, 13, 2239
List the prime factors of 13049258.
2, 6524629
What are the prime factors of 141488?
2, 37, 239
List the prime factors of 1041546.
2, 3, 11, 43, 367
What are the prime factors of 941825?
5, 101, 373
List the prime factors of 963902.
2, 29, 16619
What are the prime factors of 34716375?
3, 5, 30859
What are the prime factors of 11610606?
2, 3, 7, 276443
List the prime factors of 106910.
2, 5, 10691
List the prime factors of 2604096.
2, 3, 11, 137
List the prime factors of 2243636.
2, 479, 1171
What are the prime factors of 9509543?
9509543
List the prime factors of 5076264.
2, 3, 257, 823
What are the prime factors of 24922217?
24922217
List the prime factors of 565821.
3, 62869
List the prime factors of 758892.
2, 3, 63241
What are the prime factors of 13705852?
2, 3426463
List the prime factors of 10212511.
10212511
What are the prime factors of 1772055?
3, 5, 53, 743
List the prime factors of 2444146.
2, 37, 33029
List the prime factors of 541225.
5, 21649
List the prime factors of 25431193.
41, 631, 983
What are the prime factors of 7699703?
11, 29, 24137
List the prime factors of 294300.
2, 3, 5, 109
What are the prime factors of 140610?
2, 3, 5, 43, 109
List the prime factors of 6537999.
3, 13, 167641
What are the prime factors of 356372?
2, 41, 53
List the prime factors of 315433.
29, 73, 149
What are the prime factors of 6179877?
3, 11, 62423
List the prime factors of 812748.
2, 3, 89, 761
List the prime factors of 9672844.
2, 1193, 2027
List the prime factors of 519218.
2, 7, 37087
What are the prime factors of 2793071?
2793071
List the prime factors of 2721225.
3, 5, 13, 2791
List the prime factors of 8256335.
5, 1651267
What are the prime factors of 623014?
2, 7, 44501
List the prime factors of 476186.
2, 238093
List the prime factors of 1199471.
7, 13, 269
What are the prime factors of 2205850?
2, 5, 157, 281
What are the prime factors of 2687781?
3, 895927
List the prime factors of 3967089.
3, 7, 26987
List the prime factors of 10200070.
2, 5, 1020007
List the prime factors of 13653323.
13653323
List the prime factors of 6557321.
2417, 2713
List the prime factors of 1930650.
2, 3, 5, 61, 211
What are the prime factors of 8592100?
2, 5, 11, 73, 107
List the prime factors of 1148026.
2, 11, 52183
What are the prime factors of 207626?
2, 103813
List the prime factors of 65005.
5, 13001
What are the prime factors of 113704?
2, 61, 233
List the prime factors of 1489106.
2, 19, 149, 263
What are the prime factors of 1980294?
2, 3, 19, 29, 599
List the prime factors of 1655870.
2, 5, 165587
What are the prime factors of 258350?
2, 5, 5167
List the prime factors of 127646.
2, 63823
List the prime factors of 563296.
2, 29, 607
List the prime factors of 847094.
2, 423547
What are the prime factors of 42233?
157, 269
What are the prime factors of 11942320?
2, 5, 13, 11483
What are the prime factors of 310558?
2, 31, 5009
What are the prime factors of 37967036?
2, 103, 92153
List the prime factors of 2153622.
2, 3, 37, 89, 109
What are the prime factors of 150942?
2, 3, 11, 2287
List the prime factors of 15812936.
2, 1976617
What are the prime factors of 6486140?
2, 5, 29, 53, 211
What are the prime factors of 180006?
2, 3, 19, 1579
List the prime factors of 554019.
3, 151, 1223
What are the prime factors of 1320369?
3, 67, 6569
List the prime factors of 3975761.
37, 107453
What are the prime factors of 966895?
5, 193379
List the prime factors of 561649.
11, 51059
What are the prime factors of 9894790?
2, 5, 989479
What are the prime factors of 330621?
3, 191, 577
List the prime factors of 242831.
37, 6563
What are the prime factors of 206803?
206803
List the prime factors of 2397614.
2, 53, 22619
List the prime factors of 236938.
2, 13, 701
What are the prime factors of 217567?
7, 31081
List the prime factors of 25030.
2, 5, 2503
List the prime factors of 1762557.
3, 587519
List the prime factors of 5200821.
3, 71, 2713
List the prime factors of 164643.
3, 54881
List the prime factors of 2619313.
53, 73, 677
What are the prime factors of 769418?
2, 13, 101, 293
List the prime factors of 1726082.
2, 929
What are the prime factors of 231075?
3, 5, 13, 79
What are the prime factors of 193333?
7, 71, 389
List the prime factors of 322266.
2, 3, 7, 7673
List the prime factors of 5209413.
3, 11, 113, 127
What are the prime factors of 11160941?
11, 1014631
What are the prime factors of 1596846?
2, 3, 37, 7193
What are the prim